(-2)/(((-3)/(-60))/(8/(-10))). Suppose 6*q - 2*q = 16. Suppose -x = -5*d + 3*c, c - 3*c - q = d. Determine v(d).
17
Suppose 2*c - 10 = 0, 3*c - 8*c = -4*j - 17. Let l(i) = 2 + i - 4 - j + 0. Calculate l(3).
-1
Suppose -x + 6 + 5 = 2*v, -v = -3. Let d(j) = -6*j - 5. Calculate d(x).
-35
Let i be (2*(-4)/3)/(10/(-15)). Let w(h) = 4*h**2 - h**3 - 5*h**2 + h**2 + 1 + 3*h**2 + 5*h. Determine w(i).
5
Let l(k) = k + 8. Let s(y) = y**3 - 3*y**2 - 6*y + 2. Let n(a) = a**2 + 2*a - 4. Suppose -5*v + 0*v + 10 = 0. Let p be n(v). Let o be s(p). Give l(o).
2
Let k(s) = 26*s**2 - 21*s**2 + 8 - 6*s**2 - 7*s. Calculate k(-7).
8
Let o(m) be the second derivative of -m**5/20 - m**4/6 - 2*m**2 - 108*m. Determine o(-3).
5
Let w be ((-1)/(-3))/((-171)/(-2565)). Let g(k) = 4*k**3 - 5*k**2 - k + 6. Let j(o) = 5*o**3 - 5*o**2 - o + 7. Let m(t) = -4*g(t) + 3*j(t). Give m(w).
2
Let z(w) = -w + 5. Let y be z(0). Let l(k) be the second derivative of -k**5/20 + 5*k**4/12 + k**3/2 - 7*k**2/2 - 8*k. Calculate l(y).
8
Let o(u) = 2*u**3 - 16*u**2 - 3*u + 1. Let x be o(8). Let h = x + 25. Let c(g) = -g**2 + 2*g - 2. Determine c(h).
-2
Let r = -6 - -4. Let o(t) = -8*t - t + 12*t + 2*t + 3. Calculate o(r).
-7
Let s(b) = 92*b + 191. Let m be s(-2). Let i(d) = 6*d - 5 - 5*d + 0. What is i(m)?
2
Let p be 8/6*(25 + -13). Let i = 20 - p. Let q(o) = -2*o + 3. Give q(i).
-5
Suppose -y + 1 = -15*g + 17*g, 0 = 3*y + 3*g + 9. Let q(j) = 2*j**2 + 12*j - 1. Give q(y).
13
Let j(u) = u - 1. Let i(d) = 3. Let g be ((-3)/6)/((-11)/(-22)). Let b(a) = g*i(a) - 2*j(a). What is b(-4)?
7
Let w(m) be the second derivative of -m**3/3 - 5*m**2/2 - m - 51. Determine w(-4).
3
Let q(c) = 2*c + 4*c + 0*c**3 + 0 + c**3 - 5*c - 5. Calculate q(0).
-5
Let x(f) = -8 - 14*f**3 - 8 - 3*f + 13*f**3 + 7 - 9*f**2. What is x(-9)?
18
Let l(k) = k**2 - 7 + 5 + 100*k - 108*k. Determine l(8).
-2
Let i(y) = y**2 + 13*y + 13. Let c(w) = -w**2 + 2*w + 21. Let b be c(-5). Give i(b).
27
Let x(f) = f**2 - 11*f - 4. Let h = 42 + -31. Give x(h).
-4
Suppose 2*l - 2*z - 2 = 8, 5*l = z + 41. Let w(t) = 4*t - 44. Give w(l).
-8
Let w = -71 + 112. Let c = 44 - w. Let i(h) = 6*h + 2. Determine i(c).
20
Let b = 1817 - 1827. Let k(l) = -l**3 - 11*l**2 - 7*l + 12. What is k(b)?
-18
Let b be (70/140)/(2/44). Let c(l) = 3*l - 30. What is c(b)?
3
Let j(c) = 15*c**2 + 17*c**2 - 38*c**2 - c**3 + 11*c**2 - 4. Calculate j(5).
-4
Let s(q) = -q + 1. Suppose -5*k + 15 = 0, 0 = 4*y - 5*k + 4*k + 343. Let n = y - -83. Give s(n).
3
Let z(p) = p**3 - 10*p**2 - 2*p + 24. Let m be z(10). Suppose -4*t + 4*f - 28 = 0, -3*t + m*f = -0*t + 23. Let i(d) = -2 - 4 + 0*d - d. Determine i(t).
-1
Let t(y) = -6*y - 5 + 11 - 2*y - 1 - 4. Let k = -7 + 10. Suppose 3*n - 9 = -k*u, -6*n + n = u - 7. What is t(n)?
-7
Let j(i) = 5 + 2*i - 4 + 2 + 0 + 1 + i**3 + 2*i**2. Let p(f) = -f**3 - 3*f**2 + 2*f + 3. Let n be p(-3). What is j(n)?
-11
Let x(b) = 8*b**3 - 2*b**2 + b. Suppose 14 = j - 35. Suppose 3*q - j = 56. Let n = -34 + q. Determine x(n).
7
Let k = 48 - 81. Let g be 44/k + 20/6. Suppose 2 = -0*m + g*m. Let f(d) = -d**3 + d**2 + d - 1. Determine f(m).
0
Let p(l) = 1 - 34*l**3 - 14*l**3 + 54*l**3 + l + 2*l**2. What is p(-2)?
-41
Let r(i) = i**3 - 3*i**2 - 4*i + 4. Let f = -24 + 28. Let g be 2 - (4/f - 3). Suppose 2*p + 26 = 4*c, g*c - 4*p + 0*p = 36. What is r(c)?
4
Let b(x) = x + 11. Let l(r) be the second derivative of -r**4/6 + 17*r**3/6 - 10*r**2 - 29*r. Let o be l(8). Calculate b(o).
-1
Let u(i) = 2*i**3 - 8*i**2 + i + 4. Let y(t) = -2*t**3 + 9*t**2 - 2*t - 5. Let n(z) = -6*u(z) - 5*y(z). Let l be (-26)/(-8) + 2/(-8). Calculate n(l).
-14
Let c = 14 + -14. Let q(d) be the second derivative of -4*d + c*d**2 - d**2 + d**2 - d**3. Determine q(-1).
6
Let m(c) = 3*c**2 - 17*c + 10. Let z(v) = v - 1. Let y be z(8). Let t(w) = y*w - 8*w - w**2 - 5 + 9*w. Let s(g) = -2*m(g) - 5*t(g). Determine s(-5).
10
Let v(p) = p**3 + 7*p**2 + 5. Let y = -204 - -133. Let h = 64 + y. Calculate v(h).
5
Let b(d) = -d**3 + 6*d**2 - 5*d - 4. Suppose 2*z = -z + 2*m - 53, -3*m = z + 3. Let f be (-5)/z*(-1 - 2). Let s be f/((-36)/(-20) - 2). Calculate b(s).
-4
Let k(q) be the third derivative of q**4/12 + 17*q**3/6 - 2*q**2 - 6. Give k(-6).
5
Let z(a) be the second derivative of a**4/12 + 4*a**3/3 + 8*a**2 + 17*a. Let l(f) be the first derivative of z(f). Determine l(-7).
-6
Let n = -296 - -309. Let a(q) = q**3 - 14*q**2 + 14*q - 13. Give a(n).
0
Let j(q) = -q. Let l = 49 + -47. Let y be -7 + 2 - (-6 + l). What is j(y)?
1
Let t(p) = 2*p**3 + 31*p**2 - 31*p + 33. Let b(y) = y**3 + 16*y**2 - 16*y + 17. Let x(d) = 7*b(d) - 4*t(d). Let o = -117 - -104. What is x(o)?
0
Suppose 10*g + 3*v - 40 = -v, -3*g + 21 = 3*v. Let w(q) = -2*q**2 - 4*q + 10. Determine w(g).
-6
Let c(i) be the third derivative of -i**8/20160 - i**7/2520 + i**6/90 - 8*i**5/15 + 33*i**2. Let b(y) be the third derivative of c(y). Determine b(-6).
-16
Suppose s + 4*s = 4*i - 73, 4*i + 2*s - 38 = 0. Let f(v) = v**2 - 11*v - 6. Give f(i).
6
Let n(s) = -12*s**3 + 5*s**2 - s + 2. Let l(m) = 10*m**3 - 4*m**2 + m - 1. Let y(t) = 3*l(t) + 2*n(t). Determine y(-2).
-57
Let i(k) be the third derivative of -k**5/3 + k**4/24 - 112*k**2. Determine i(-1).
-21
Let s(l) = 31*l**3 - 11*l**2. Let t(f) = 15*f**3 - 5*f**2. Let v(u) = 6*s(u) - 13*t(u). Determine v(-1).
8
Suppose 8*t + 5*t - 39 = 0. Let d(w) = -11*w**2 + 10*w**2 + 15 - 17. Calculate d(t).
-11
Let y be (-330)/90 + (-10)/(-6). Let a(m) = m**3 + m**2 + 3*m + 2. Give a(y).
-8
Let y be (-4)/(-6) + 4/3. Suppose -y*b = -b - 2. Let t(a) = 103*a - 4. Let o(l) = -83*l + 3. Let i(u) = -5*o(u) - 4*t(u). Give i(b).
7
Let b(m) = -m**2 - 2*m - 1. Let s = -41 + 46. Suppose s*d - 4*u + 15 = 0, 0*d - 3*u = 3*d + 9. Calculate b(d).
-4
Let q = -8 - -10. Let j be 380/10*1/q. Let i(d) = -13*d - 3*d**2 + 2 + j*d + 2*d**2. Calculate i(5).
7
Suppose 0 = -5*o - q + 4*q, 5*o + 5*q - 40 = 0. Let d(k) = k**o + 71*k**2 - 61*k**2 + 7*k - 9 - 3. What is d(-9)?
6
Suppose 0 = -5*m - j + 5, 5*j - 2 - 23 = 0. Let x(q) = q**3 + q**2 - q - 2. Give x(m).
-2
Let h(x) = -x**2 - 15*x - 12. Let k be h(-14). Suppose 0 = -6*q - k*q - 32. Let l(i) = -i**2 - 5*i - 5. Give l(q).
-1
Let m(x) = -2*x - 28. Let g be m(-11). Let s(i) = -2*i**2 - 35*i + 4*i**2 + 44*i. Calculate s(g).
18
Let o(g) be the first derivative of -g**6/45 - g**5/120 + 43*g**3/3 + 17. Let n(m) be the third derivative of o(m). What is n(-1)?
-7
Let n(z) be the third derivative of -z**4/4 + z**3/2 - z**2. Suppose 115 = 10*q - 5. Suppose 2*t = u + 5, q*t = 13*t + 2*u. Calculate n(t).
-9
Let j(i) = 2*i**2 - 4*i - 3. Let o = 106 + -102. What is j(o)?
13
Let w(j) = j**3 - 10*j**2 + 2. Let x be w(10). Suppose -x*r - 10 = 8. Let q(o) = -o - 5. Give q(r).
4
Let g(j) = 2*j**2 - 6*j + 6. Let d be 26 + -19 + -5 + 1/1. What is g(d)?
6
Let q(s) = -2*s. Let h be ((0*(-4)/(-8))/(-2))/(-3). Give q(h).
0
Let a(z) = z**3 + 4*z**2 - z - 4. Suppose -w - 123 = -4*d, 2*d + d + 5*w - 121 = 0. Suppose 5*c = 9*c - d. Suppose -4*y - c = -0*y + 4*n, 2 = n. Give a(y).
0
Let d(h) = -h**3 + 5*h**2 - 2*h - 5. Let q(n) = -8*n**2 + 4*n + 1. Let m be q(3). Let l = 63 + m. What is d(l)?
3
Suppose -g + 16 = -i, 0 = -3*g + 4*g + 4*i + 4. Let v be (-4)/g*8*(-9)/(-4). Let w(h) = -h**3 - 6*h**2 - 8. Give w(v).
-8
Let c(j) = -j**3 - 9*j**2 - 5*j + 6. Suppose 14*g + 3*n = 13*g - 19, 4*n + 16 = 0. Calculate c(g).
-57
Let f(h) be the second derivative of -h**5/60 - h**4/4 - h**3/6 - 3*h**2/2 - 13*h. Let v(o) be the first derivative of f(o). Calculate v(-4).
7
Let p = -153 - -157. Let j(u) = 2*u**2 - 11*u + 8. Calculate j(p).
-4
Suppose -k = l + 4, 5*l + 5*k + 12 = 2*l. Let o(b) = -b + 4. Let m(q) = 3*q - 7. Let h(a) = m(a) + 2*o(a). Calculate h(l).
-3
Let s(z) = -z**3 - 6*z**2 + 9*z + 17. Let u be s(-7). Let o(f) = f**3 + 4*f**2 - 4*f + 7. Let r be o(-5). Let v(x) = -2*x + 3 - 1 - x**r + 0*x. Calculate v(u).
-13
Let z = -3 - 0. Let d(i) = 2*i**2 - 66*i + 90*i - 20*i + 0*i**2. Calculate d(z).
6
Let g = 116 - 111. Suppose -g*i + 5 = -4*i. Let p(u) = u - 7. What is p(i)?
-2
Let n(g) = -g - 14. Let q(l) = -l - 13. Let k(a) = 3*n(a) - 4*q(a). Let w = 151 + -134. Suppose 5*b + 18 = -w. Calculate k(b).
3
Let a(s) = s**3 + 3*s**2 - 4*s - 6. Let q = 552 - 556. Calculate a(q).
-6
Let a(s) be the first derivative of s